{"id":1018,"date":"2019-06-27T20:59:48","date_gmt":"2019-06-27T20:59:48","guid":{"rendered":"https:\/\/lifestyle.hr\/?page_id=1018"},"modified":"2019-07-01T07:24:35","modified_gmt":"2019-07-01T07:24:35","slug":"40-fingers-guitar-quartet","status":"publish","type":"page","link":"https:\/\/lifestyle.hr\/?page_id=1018","title":{"rendered":"40 fingers guitar quartet"},"content":{"rendered":"<div class=\"wpb-content-wrapper\"><p>[vc_row][vc_column][vc_column_text]<img loading=\"lazy\" decoding=\"async\" class=\"alignleft size-full wp-image-1011\" src=\"https:\/\/lifestyle.hr\/wp-content\/uploads\/2019\/06\/40-Fingers-super-SLIDER-e1561790631172.png\" alt=\"40 fingers guitar quartet\" width=\"600\" height=\"299\" \/>Agencija Lifestyle \u00a0predstavlja Vam<strong>\u00a0 &#8220;40 Fingers&#8221;<\/strong>, kvartet akusti\u010dnih gitara nastao 2017. godine, \u010diji su \u010dlanovi talijanski gitaristi Matteo Brenci, Emanuele Grafitti, Andrea Vittori i Marco Steffi.<\/p>\n<p>\u010cetvorica glazbenika, s potpuno razli\u010ditim prethodnim glazbenim pri\u010dama, koji su pojedina\u010dno na talijanskoj glazbenoj sceni ve\u0107 dobro poznati po svojim brojnim projektima, kroz tzv. <em>fingerpicking<\/em> tehniku na akusti\u010dnim gitarama istra\u017euju nove zvu\u010dne svemire, izvode\u0107i \u0161irok repertoar, od originalnih djela do <em>covera<\/em> vje\u0161to aran\u017eiranih za \u010detiri gitare.<\/p>\n<p>Na taj na\u010din pru\u017eaju nam glazbenu poslasticu koja redovito odu\u0161evljava i iznena\u0111uje publiku kroz reinterpretaciju velikih klasika moderne glazbe, od Piazzolle do Beatlesa, od Dire Straitsa do Erica Claptona, kre\u0107u\u0107i se suvereno kroz jazz izri\u010daj kao i kroz latinoameri\u010dku glazbu.<\/p>\n<p>Strast koju \u010detvorica gitarista dijele prema svijetu filma i filmske glazbe usmjerila ih je prema nizu zanimljivih obrada slavnih filmskih glazbenih \u0161pica, me\u0111u kojima je njihova verzija dvije klju\u010dne teme iz kultnoga djela Johna Williamsa prema filmskoj sagi Georga Lucasa &#8220;Star Wars&#8221; (glavne teme i carskoga mar\u0161a) u medley maniri, koja je na Facebooku do\u017eivjela vi\u0161e od milijun vizualizacija, a\u00a0njihovu izvedbu &#8220;Bohemian Rhapsody&#8221; slu\u017ebeni je portal grupe Queen, QueenOnline.com izdvojio kao doista posebnu&#8230;<\/p>\n<div id=\"simple-translate\">\n<div>\n<div class=\"simple-translate-button \" style=\"background-image: url('moz-extension:\/\/0eebef97-0398-4399-82ba-b16841b99684\/icons\/512.png'); height: 22px; width: 22px; top: 10px; left: 10px;\"><\/div>\n<div class=\"simple-translate-panel \" style=\"width: 300px; height: 200px; top: 0px; left: 0px; font-size: 13px; background-color: #ffffff;\">\n<div class=\"simple-translate-result-wrapper\" style=\"overflow: hidden;\">\n<p class=\"simple-translate-candidate\" style=\"color: #737373;\">\n<\/div>\n<\/div>\n<\/div>\n<\/div>\n<p>[\/vc_column_text][\/vc_column][\/vc_row]<\/p>\n<\/div>","protected":false},"excerpt":{"rendered":"<p>Agencija Lifestyle \u00a0predstavlja Vam\u00a0 &#8220;40 Fingers&#8221;, kvartet akusti\u010dnih gitara nastao 2017. &#8230; <\/p>\n","protected":false},"author":1,"featured_media":1011,"parent":0,"menu_order":0,"comment_status":"closed","ping_status":"closed","template":"","meta":{"footnotes":""},"class_list":["post-1018","page","type-page","status-publish","has-post-thumbnail","hentry"],"_links":{"self":[{"href":"https:\/\/lifestyle.hr\/index.php?rest_route=\/wp\/v2\/pages\/1018","targetHints":{"allow":["GET"]}}],"collection":[{"href":"https:\/\/lifestyle.hr\/index.php?rest_route=\/wp\/v2\/pages"}],"about":[{"href":"https:\/\/lifestyle.hr\/index.php?rest_route=\/wp\/v2\/types\/page"}],"author":[{"embeddable":true,"href":"https:\/\/lifestyle.hr\/index.php?rest_route=\/wp\/v2\/users\/1"}],"replies":[{"embeddable":true,"href":"https:\/\/lifestyle.hr\/index.php?rest_route=%2Fwp%2Fv2%2Fcomments&post=1018"}],"version-history":[{"count":0,"href":"https:\/\/lifestyle.hr\/index.php?rest_route=\/wp\/v2\/pages\/1018\/revisions"}],"wp:featuredmedia":[{"embeddable":true,"href":"https:\/\/lifestyle.hr\/index.php?rest_route=\/wp\/v2\/media\/1011"}],"wp:attachment":[{"href":"https:\/\/lifestyle.hr\/index.php?rest_route=%2Fwp%2Fv2%2Fmedia&parent=1018"}],"curies":[{"name":"wp","href":"https:\/\/api.w.org\/{rel}","templated":true}]}}